vided by c?
9
What is the remainder when 1*(-3 - -6 - 0) is divided by 2?
1
Let i = 81 + 4. Calculate the remainder when i is divided by 29.
27
Let n = -44 - -24. Calculate the remainder when n/(-1) + 4/(-2) is divided by 4.
2
Suppose 0 = -j - 2*j + 15. Suppose -j*k = -9 - 16. Calculate the remainder when 28 is divided by k.
3
Suppose 3*c + 3 = 2*i - 49, 2*c + 8 = 0. Suppose -5*v - 2*h + 186 = 0, 2*v + 0*h = -2*h + 72. Calculate the remainder when v is divided by i.
18
Suppose -5*t + 146 = -l, -3*t - 3*l - 2*l = -110. What is the remainder when t is divided by 4?
2
Let h(s) = 8*s**3 - s. Calculate the remainder when 24 is divided by h(1).
3
Suppose 0 = 3*l + 2*l - 250. Let r(o) = 3*o**3 - 2*o**2 - 2*o. Let h be r(4). Suppose h - 22 = 5*p. What is the remainder when l is divided by p?
24
Let n(j) = -7*j**3. Let r be (3 - -1 - 3) + -2. Let l be n(r). What is the remainder when 20 is divided by (-4)/14 + 51/l?
6
What is the remainder when 10 is divided by 2/(-3) - (-17)/3?
0
Suppose 0 = 2*b + b + 192. Let x = b + 42. Let s = -11 - x. What is the remainder when s is divided by 3?
2
Let p = 43 + 2. Let n be 3 - (2 + -5) - 4. Suppose 2*i = x + 26, 3*i + x - 32 = n. Calculate the remainder when p is divided by i.
9
Let g = -38 - -58. Suppose -4*d = 5*q - 38, 9 + 0 = d + q. Calculate the remainder when g is divided by d.
6
Suppose 0 = -0*f + f - 6. Calculate the remainder when 15 is divided by f.
3
Let f be -2 + 3*(-12)/(-9). Calculate the remainder when 23 is divided by (f + 0)*4/1.
7
Suppose 5*r = 2 - 17. Let p(d) be the second derivative of -5*d**3/3 + d**2/2 - 2*d. Calculate the remainder when p(r) is divided by 11.
9
Suppose -2*u + 3*u = 10. Let f(t) = 4*t**2 - 1. Let k be f(-1). Let j(z) = 5*z + 4. What is the remainder when j(k) is divided by u?
9
Let y = 149 + -93. What is the remainder when y is divided by 15?
11
Suppose 3*g = -5*o + 131, 2*o + 10 = -3*o. What is the remainder when g is divided by 17?
13
Suppose -2*h + 7*h = 45. Let s(j) be the second derivative of j**5/20 - j**4/3 - j**3/6 + 5*j**2/2 - 2*j. Calculate the remainder when s(5) is divided by h.
7
Suppose 3*r + p = -0*p + 536, -20 = -4*p. What is the remainder when r is divided by 15?
12
Suppose 159 = 4*z - 21. Let q be ((-32)/(-10))/(1/10). Calculate the remainder when z is divided by (-18)/(-8)*q/6.
9
Suppose 25 = 5*g, -3*g = r - 7*g - 17. What is the remainder when 110 is divided by r?
36
Let k(m) = 3*m**3 - 3*m**2 - 3*m - 1. Let t(v) = -5*v**3 + 7*v**2 + 7*v + 2. Let o(x) = -5*k(x) - 2*t(x). What is the remainder when 11 is divided by o(-1)?
5
Let a be -1 - 3/(-3) - -6. Suppose a*h - 39 = h + 3*o, 0 = -3*o + 6. Suppose 4*s = 3*q + 2*q + 40, 3*q = 2*s - 22. What is the remainder when h is divided by s?
4
Let b(i) = i**2 - 7*i - 1. Let x be b(3). Suppose 7*v - 3*v = -4, 19 = -5*a + v. Let p = a - x. What is the remainder when 25 is divided by p?
7
Let m = 27 - 10. Suppose 5*i - m - 33 = 0. Let j = i + -1. What is the remainder when 26 is divided by j?
8
Calculate the remainder when 30 is divided by 0 - 3/12 - (-146)/8.
12
Suppose -11*b = -283 + 19. Calculate the remainder when b is divided by 3.
0
Let g(s) = 4*s**2 - s + 1. Let j be g(1). Suppose -i = -j*i + 72. Suppose 2*d + 45 = 7*d. Calculate the remainder when i is divided by d.
6
Let v be ((-14)/(-4))/(3/6). Suppose 2 = g - v. What is the remainder when g is divided by 6?
3
Let f(w) = 2*w - 14. Let v be f(7). What is the remainder when 27/((-3)/(-9) + v) is divided by 21?
18
Let f be (-2)/(-9) + (-2)/9. Let m = f - -11. Calculate the remainder when 30 is divided by m.
8
What is the remainder when 144/10*(-80)/(-24) is divided by 7?
6
Suppose 4*u + 50 = 3*p, u + 8 = 3*u. Let y(f) = f**3 - 15*f**2 + 17*f - 29. Calculate the remainder when p is divided by y(14).
9
Let s = 165 - 114. What is the remainder when s is divided by 14?
9
Let v(f) be the first derivative of 2*f**3/3 + 4*f**2 + 5*f - 1. Let t be v(-6). Let b = t - 18. What is the remainder when 21 is divided by b?
10
Suppose -5*b + k = -268, 209 = -3*b + 7*b + k. Calculate the remainder when b is divided by 7.
4
Let y = 32 + 5. Suppose g - 2*x = x, -2*x = -3*g. Suppose 2*p + 69 = 5*v, g = 2*v - 0*v + 3*p - 20. Calculate the remainder when y is divided by v.
11
Let d = -25 + 69. What is the remainder when d is divided by 9?
8
Let h(d) = 6*d - 3. Calculate the remainder when 56 is divided by h(3).
11
Let n = 94 + -74. Calculate the remainder when n is divided by 12.
8
Let w(g) = -g**2 - 4*g - 1. Let c = -14 + 8. Calculate the remainder when 2/6 - 22/c is divided by w(-2).
1
Let t = 0 - -4. Suppose -t*a - 30 = -7*a. Let w(i) = -2*i - 2. What is the remainder when w(-10) is divided by a?
8
Suppose -4*f + 24 = -0*f. Suppose -2*w + 5*w = -z - 3, 0 = -2*w - 3*z - 9. Suppose w*c - 16 = -c. What is the remainder when c is divided by f?
4
Suppose 2*j = -121 - 9. Let m = j + 110. Calculate the remainder when m is divided by 24.
21
Suppose a - 8 = 2*a + 4*r, 2*a + r = -2. What is the remainder when 23 is divided by -1 - (a + -4 + -3)?
5
Suppose 0*y - 55 = -y. Calculate the remainder when y is divided by 29.
26
Calculate the remainder when 49*2/(-10)*-5 is divided by 10.
9
Let v be (8/(-5))/(-4)*-55. Let r = -20 - v. What is the remainder when 3 is divided by r?
1
Calculate the remainder when 12 - 0 - (12 - 11) is divided by 7.
4
Let j(m) = 63*m**2 + 2*m + 1. Let q be j(-1). Suppose -5*p - 11 = -1, q = 3*g - p. What is the remainder when g is divided by 11?
9
Suppose -6*x = -4*x - 78. What is the remainder when x is divided by 10?
9
Calculate the remainder when (-146)/(-6) + 8/12 is divided by 14.
11
Let s(r) = r**3 + 3*r**2 - r + 6. Let q be s(-6). Suppose x + 2*c - 294 = 3*x, 3*c + 274 = -2*x. Let w = q - x. Calculate the remainder when w is divided by 16.
15
Suppose 3*v + 3 = 0, s + 4*v - 38 = -2*s. Calculate the remainder when 53 is divided by s.
11
Let q = 6 - -2. Let o(y) = -4*y**3 + 2*y**2 + 3*y + 3. Let i be o(-2). Suppose -4*k = -19 - i. What is the remainder when k is divided by q?
6
Suppose x = -4*x + 120. Suppose 27 = 3*t - x. What is the remainder when (-2)/3 + (-294)/(-9) is divided by t?
15
Suppose 0 = 5*w - w - 48. Calculate the remainder when (-2)/8 + (-959)/(-28) is divided by w.
10
Let u = 2 - -3. Suppose v - u = 3. What is the remainder when v is divided by (2 - (-11)/3) + (-24)/36?
3
Let k be (-15*1)/(0 - 1). Let c(h) = 28*h - 1. Let x be c(1). Let n = x - k. Calculate the remainder when n is divided by 7.
5
Suppose 115 + 122 = 3*k. What is the remainder when k is divided by 16?
15
Suppose 31*a - 70 = 26*a. Let j(k) = k**3 - k. Let p be j(-1). Suppose r - 29 = -4*v, p = -3*v - 5*r - 0*r + 9. Calculate the remainder when a is divided by v.
6
Let q(c) = c**2 + c**2 - 3*c**2 + 8 - 9*c. What is the remainder when q(-7) is divided by 8?
6
Suppose -470 = 54*y - 59*y. What is the remainder when y is divided by 20?
14
Suppose -3*d + 25 = 2*d, -2*v + 35 = 5*d. Suppose v*p - 18 - 12 = 0. What is the remainder when (p/8)/((-2)/(-136)) is divided by 13?
12
Let q(k) = 1 + 1 + 2*k + 10*k**2 + 2*k. Calculate the remainder when q(-2) is divided by (-70)/(-6) - (-1)/3.
10
Suppose -5*v + 4 + 16 = 0. Suppose -4*c + 143 = -v*t + 3*t, 4*t = -c + 57. What is the remainder when c is divided by 13?
11
Let o = 312 + -64. Suppose -o = -h - 3*h. What is the remainder when h is divided by 21?
20
Let u(v) = 39*v**3 - v. Calculate the remainder when u(1) is divided by 13.
12
Let n be 21*((-6)/(-9) - 0). Suppose -3*r + 2 = -3*a + 8, 0 = -5*a - r + 22. Calculate the remainder when n + 1/(1/(-3)) is divided by a.
3
Let s(g) = 10*g - 3. Suppose -29 + 5 = 6*l. What is the remainder when s(4) is divided by l/24 + 345/18?
18
Let c be ((-1)/(-2))/(2/(-4)). Calculate the remainder when (0 - c)*17/1 is divided by 4.
1
Suppose 3*w + 66 = -3*l, -35 = -0*l + 2*l + 5*w. Let h = 45 + l. Let y = h + -12. What is the remainder when 22 is divided by y?
6
Suppose n + 0*i = 3*i + 1, 5*n - 5*i = -5. What is the remainder when ((-2)/(-4))/(1/2) is divided by (-1 - 0) + 0 - n?
0
Let q = -4 - -9. What is the remainder when q is divided by (6/15)/(2/10)?
1
Suppose -r + 316 = 4*r + 3*t, 204 = 3*r - 3*t. Let q(p) = 2*p**2 - p + 2. What is the remainder when r is divided by q(3)?
14
Suppose -50 = -5*n + 25. Let 